e prime factors of u.
461
Let q = 6195 - -4844. List the prime factors of q.
7, 19, 83
Suppose 0 = -8*v + 246 + 18. Let i = 62 + v. What are the prime factors of i?
5, 19
Suppose -38 = -i - 3*j, -23*j - 56 = -2*i - 19*j. Suppose -672 = 18*t - i*t. List the prime factors of t.
2, 3
Suppose 2*b + 7*l - 3*l = 4, -4*l = -4. Suppose 2*n - n - 618 = b. List the prime factors of n.
2, 3, 103
Suppose 4*y + 36 = -0*y. Let z = -52 - y. Let q = 5 - z. List the prime factors of q.
2, 3
Let w(s) be the second derivative of -s**4/12 + 5*s**3/2 + 118*s**2 + 3*s. List the prime factors of w(0).
2, 59
Let r be 6/14 + (-6)/14. Let w = r + -4. List the prime factors of (-1)/((-763)/1498 + (-2)/w).
107
Suppose -10*i - 18 = -13*i. Suppose -i = -3*f + 9*f. List the prime factors of (4 + 18/(-3) - 131)/f.
7, 19
Let f be 5/(-20)*-4*5. Suppose 7*u - f*u - 5207 = -5*y, y - 1042 = -u. What are the prime factors of y?
3, 347
Suppose 6*v - 2*v + 2*c - 782 = 0, 0 = -4*v + 3*c + 757. Let t = -140 + v. What are the prime factors of t?
53
What are the prime factors of (2 + 6)*4/(-40)*5 + 7223?
7219
Let v(r) = -28*r**2 + 3*r - 1. Suppose 5*g - 32 = 2*o - 1, -o + 12 = 3*g. Let z be v(o). What are the prime factors of z/(-6)*(3 - 0) + 0?
131
Suppose 5*i - 28873 = 6*n, -7*i + 3*n = -2*i - 28864. What are the prime factors of i?
29, 199
Let d(s) = 11*s + 54. Let h be d(17). Suppose 2*k - 153 = h. List the prime factors of k.
197
Suppose 8 = 2*s + 4*h, -4*s - 4*h = 24 - 36. Suppose 5*z = s*z + 2*y + 964, -644 = -2*z + 2*y. What are the prime factors of z?
2, 5
List the prime factors of 5 + (-3 - (-24174 + 18)).
2, 47, 257
Let d = 6147 + -3192. Suppose -2295 - d = -15*n. List the prime factors of n.
2, 5, 7
Suppose 0 = 26*i - 22*i - 1772. Suppose 0 = 5*c - b - 2173, 0*b = c + 4*b - i. What are the prime factors of c?
3, 5, 29
Let h = 62 + -57. Suppose 5*q + 1943 + 752 = h*m, -1633 = -3*m - q. Suppose -4*x + m = 3*f, 8*x + 3*f - 678 = 3*x. What are the prime factors of x?
3, 5
Suppose 3*p - 4*o - 161281 = 0, -p = 4*p - 4*o - 268815. What are the prime factors of p?
7, 7681
List the prime factors of (-168)/252 - (-1)/(3/112520).
2, 3, 7, 19, 47
Suppose 18*m - 951428 + 165206 = 0. What are the prime factors of m?
31, 1409
Let q(u) = -u**3 - 35*u**2 - 7*u - 31. Let m = -228 - -193. What are the prime factors of q(m)?
2, 107
Let n(r) = -r**2 - 9*r + 26. Suppose 9*s + 2*s - 605 = 0. Suppose 3*k + 7*h - 2*h = -33, 5*k = -5*h - s. List the prime factors of n(k).
2
Suppose d - 132 = -43*d. List the prime factors of -6 - ((-5)/(-15) + (-2470)/d).
19, 43
Let h be 2*3*(-35)/(-30). Suppose -h = -3*a + 146. Let z = a + -19. What are the prime factors of z?
2
Suppose -2*j = 2*a - 23768, -4*a + 45 = 65. List the prime factors of j.
3, 1321
Suppose -356 - 151 = -39*k. Suppose -3*h + 177 = -3*b, 16*b = -3*h + k*b + 165. List the prime factors of h.
3, 19
Suppose -5*c + 180 + 95 = 0. Let h = c - 41. Let z = h - -56. List the prime factors of z.
2, 5, 7
Suppose 0 = -4*m + 3*p + 2471, p + 2485 = -0*m + 4*m. What are the prime factors of m?
7, 89
Let c(h) = -h**3 - 22*h**2 + 26*h + 48. Let j be c(-23). Let l(w) = -w**3 - 19*w**2 + 23*w - 19. Let y be l(j). Let i = 615 - y. List the prime factors of i.
5, 47
Let s(g) = g**3 - g**2 + 11*g - 25. Let v be s(7). Let y = -204 + v. List the prime factors of y.
2, 71
Let a(d) = -3*d**3 + 464*d**2 - 150*d - 1114. List the prime factors of a(154).
2, 13, 19, 47
Let r = -51 - -55. Suppose -b = 2*b - r*h - 35, -2*b = 2*h. What are the prime factors of (-4)/10 + b + (-2510)/(-25)?
3, 5, 7
Let r(a) = 15*a - 43. Let t be r(3). Suppose t*u = 5*i + 191, 6 = -2*i - 0*i. What are the prime factors of u?
2, 11
Let d = 77 - 75. Let q = 0 + d. Suppose 4 = -q*g + 302. List the prime factors of g.
149
Let v(y) = 9 + y**3 - 2*y**3 - 8*y**2 - 8 - 14*y - 6. Let u be ((-3)/(-3))/(4/48*-2). What are the prime factors of v(u)?
7
Suppose 0 = -17*x + 8*x + 27. Let g be (-18)/6*(-478)/x. Suppose -83*k = -85*k + g. What are the prime factors of k?
239
Let b(q) be the second derivative of 5*q**3/2 + q**2 + 2*q. Let p = 17 - 11. List the prime factors of b(p).
2, 23
Suppose 38*m - 40*m - 2*s + 29958 = 0, 5*s - 59910 = -4*m. List the prime factors of m.
3, 5, 37
Let p(k) = k**3 + 82*k**2 - 191*k - 145. What are the prime factors of p(-82)?
59, 263
Let l be (60/(-24))/((-3)/6). Suppose -l*m - 411 = -3*h, 2*m - 651 = -5*h - m. List the prime factors of h.
2, 3, 11
Suppose -28*t + 36 = -31*t. Let s(z) = -z**3 - 11*z**2 + 14*z + 19. Let b be s(t). List the prime factors of -1*(3 - (-485)/b).
2, 47
Suppose 4*w - 10910 = -2*d + 22438, 4*w - 33364 = -4*d. What are the prime factors of w?
13, 641
Suppose 20 = -4*n - 12. Let j(x) = -23*x - 18. What are the prime factors of j(n)?
2, 83
Let g = 225 - 105. Let i = 305 + g. List the prime factors of i.
5, 17
Let i be (-948)/(-78) + 0 + (-2)/13. Suppose -9*a + i*a - 963 = 0. What are the prime factors of a?
3, 107
Suppose 86052 = 13*v + 14604. List the prime factors of v.
2, 3, 229
Let c(i) = 2*i + i**2 + 18*i**3 - 1 - 3*i**2 + 0*i**2. Suppose -2 + 22 = 20*w. What are the prime factors of c(w)?
17
Suppose -12*f - 2*j = -19*f + 168950, -4*f - 3*j + 96576 = 0. List the prime factors of f.
2, 3, 149
Let l(n) = 433*n**2 + 35*n - 179. What are the prime factors of l(6)?
15619
Let l(p) = -2*p**3 + 2*p + 1. Let w be l(-1). Suppose -3*f = 3*i, -5*f = 2*i + 2*i - w. What are the prime factors of (-12)/6 - (-17 - i) - -3?
17
Let i(s) be the second derivative of -3*s**5/10 - 7*s**4/12 - 7*s**3/6 + 3*s**2 + 10*s. Let q be i(-5). Suppose q + 86 = 13*j. List the prime factors of j.
2, 3
Let r = 107 + 13. Suppose -9*i - 7 = -2*i. Let u = r - i. What are the prime factors of u?
11
Let v = -746 + 2734. Suppose -19*g - 373 + v = 0. List the prime factors of g.
5, 17
Let c(q) = -5*q + 52. Let v be c(4). List the prime factors of v/(-12)*558/(-12).
2, 31
Suppose -32015 = -12*b + 54349. What are the prime factors of b?
3, 2399
Suppose 2*q + 20834 = 2*d, 5*d + 5*q - 10481 = 41664. What are the prime factors of d?
7, 1489
Let x(z) = -z**2 - 18. Let w be x(9). Let f = w + 158. What are the prime factors of f?
59
Let i = 17 + -12. Suppose i*w - o + 1 = 6*w, 5*o + 25 = 0. Let n = w - -24. List the prime factors of n.
2, 3, 5
Suppose 5*p + 6*g = g - 105, -2 = 2*g. List the prime factors of (-177)/(p/8 + 1).
2, 59
Let h = 89 - 89. Suppose h = -6*p - 352 + 1162. What are the prime factors of p?
3, 5
Let q = -62 - -92. Suppose -4*d + 2*r = q + 8, -2*r = 3*d + 18. What are the prime factors of ((4 - 0) + d)*-13?
2, 13
Let m be -1 + 1 + 19*4. Suppose -3*z = -2*n + 46, -4*n + 12*z = 16*z - 52. Let j = m - n. What are the prime factors of j?
59
Let u = 1105 - 1049. Suppose -f = -3*f + 38. Suppose 3*a = u + f. What are the prime factors of a?
5
Let w = -2122 + 3558. Let k = -1009 + w. What are the prime factors of k?
7, 61
Let g = -714 + 1635. Suppose -4*d - g = -5*v + 45, 0 = 3*v - 5*d - 590. List the prime factors of v.
2, 5, 19
Let r(s) = s**3 + 3*s**2 - 2*s + 10. Let f be r(-4). Suppose -f*o = 27*o - 11426. What are the prime factors of o?
2, 197
Let s be ((-18)/(-4) + 3)*(-36)/(-3). Let n = s - -91. List the prime factors of n.
181
Suppose 56863 - 817188 = -17*s. What are the prime factors of s?
5, 1789
Suppose 109186 = 23*r + 7894. Suppose 0 = 11*s + s - r. List the prime factors of s.
367
List the prime factors of ((-24)/4)/(-6)*6394.
2, 23, 139
Let o = 30059 + -19224. What are the prime factors of o?
5, 11, 197
Let v(f) = -69*f + 24 + 15 - 89 - 95. What are the prime factors of v(-19)?
2, 11, 53
Let j be 3/12 - (-9)/(-4). Let w = -12 + j. Let f = w + 87. List the prime factors of f.
73
Let n(b) = -b. Let l(d) = 9*d + 6. Let z(h) = -l(h) - 4*n(h). Let q be z(-2). Suppose 32 = 2*g - q. What are the prime factors of g?
2, 3
Let g be 6/42 - (-22158)/(-7)*-2. Suppose -12*f = -g - 4685. List the prime factors of f.
2, 3, 17
Let r(o) = 8*o**3 - 18*o**2 + 13*o - 2. List the prime factors of r(5).
613
Let l be (2 - 2) + (-9)/(-5 + 2). Suppose -z - 110 = -2*d - 21, l*z - 109 = -2*d. List the prime factors of d.
47
List the prime factors of (-53)/((17 - 12)/(-865)).
53, 173
Let l(q) = 4*q**2 + 22*q - 4. Let r be l(-6). Suppose -r*s = -4*c - 5*s + 1602, -2*s = -3*c + 1201. List the prime